te -4 + (2 - (-1 - 1)).
0
What is the value of (5 - (10 + -9)) + -9?
-5
(7 - 0) + -1 + -1
5
2 - (-3 + 5 + -2)
2
Evaluate (15 - 19) + -3 + 7 + -1.
-1
Evaluate -3 + 6 + -3 - 4.
-4
-8 - (-5 + (-5 - -8) + -8)
2
Calculate 0 - (-4 - 0) - (5 - 1).
0
5 + (2 - (-1 - -5))
3
Calculate 1 + 10 + 12 + (8 - 20).
11
What is the value of 4 + 5 + 2 + -6 + -7?
-2
Calculate (4 - 1) + (-4 - -9) + -5.
3
Evaluate 0 + (-1 - (12 + -13)).
0
-1 + 3 + (-7 - -5)
0
What is 2 - (3 + (3 - (-3 - -4)))?
-3
Calculate 0 - (2 + -5 + 0).
3
Evaluate -3 + -2 + -1 + 40 + -40.
-6
11 + (-3 - (-1 + -1)) + -3
7
Evaluate 0 + 8 + (-9 - 0) + -4.
-5
Calculate 0 + (0 - 3) + 9 - 5.
1
Evaluate 6 - ((-6 - -9) + 3).
0
4 - (0 + 4) - (-1 - -2)
-1
What is 17 + -18 - (3 + -3 + 4)?
-5
-40 + 32 + 0 + 0
-8
What is the value of 2 + -1 + (-6 - -8) + 2?
5
Calculate -4 + (6 - -2) - (-1 - -7).
-2
Evaluate -6 + (10 - 0) + -6 + 0.
-2
Evaluate -1 - (1 + -4) - -3.
5
What is (2 - -2) + -17 + 13 + 3?
3
What is 4 + (4 - (3 + -3) - 4)?
4
0 + (12 - 11 - (0 + -4))
5
Calculate (-1 + 2 - 8) + 16 + -1.
8
What is 38 + -36 - (2 + 2)?
-2
(9 - (25 + -7)) + 2
-7
-5 - (5 + 4 - 13)
-1
Evaluate -7 - (-11 - -8) - -11.
7
What is -10 + 7 + (-3 - 0 - 0)?
-6
What is -6 + ((-9 - -5) + 6 - 2)?
-6
Evaluate -18 + 9 + 4 - (1 + -2).
-4
(2 - -3) + (4 - 3)
6
1 - 6 - (11 - 21) - 10
-5
What is the value of 0 + (17 + -23 - (0 + -2))?
-4
Evaluate -49 + 45 + 11 + 0 + -2.
5
Calculate -3 - (6 - (8 - 3)).
-4
Calculate (0 - -5) + (-188 - -187).
4
0 - -1 - (5 + -5) - 2
-1
What is (3 - 1) + -8 - -2?
-4
Evaluate -4 - (5 - 6) - -4 - 4.
-3
-2 - -9 - (28 + -23)
2
What is the value of 3 + (-10 - -5) - 3?
-5
What is the value of 7 + 1 + -4 + -3?
1
Calculate 6 + -7 + 8 + -6.
1
Calculate -3 - (-5 + 6 + -10).
6
What is the value of (-4 + 0 - -2 - 0) + 2?
0
What is the value of -1 + 1 - -6 - (1 + 0)?
5
(-4 - -4) + 3 + -1 - -3
5
Calculate -14 - (-3 + -4) - -3.
-4
Evaluate -6 + (-1 + -2 - (-13 - -9)).
-5
What is 5 + (-3 - 2) + 3?
3
What is 11 - -4 - 16 - (4 - -1)?
-6
Evaluate -2 + -1 + -1 + 0 + 2.
-2
0 - ((9 - (4 + 1)) + 2)
-6
Evaluate 1 + -4 - (3 - -1 - 6).
-1
5 + (-5 - -2) + 3 + -3
2
What is (5 - 9) + 1 - -5?
2
What is the value of (-10 - 0) + 11 - -4?
5
What is 1 + -1 + 0 - 4 - 1?
-5
Evaluate 33 - 30 - (2 + 6).
-5
Evaluate -5 + 6 + (2 + -6 - -2).
-1
What is -2 - (2 + -2) - 3?
-5
What is the value of -5 - (1 - (-10 + 6 + 4))?
-6
Evaluate 8 + -10 + -1 - (-1 + -2).
0
(6 - -5) + -2 - 6
3
Evaluate -5 + 3 + 0 + -1.
-3
What is 4 - ((-10 - -18) + (6 - 1))?
-9
3 + 5 + 2 + -7 - 11
-8
Evaluate 5 + (-11 - -1) - (-2 + 1).
-4
Calculate (-2 - -2) + 1 + -2 + 4.
3
What is 10 + (-10 - -12) + -6?
6
12 - 21 - (-4 - 3)
-2
What is the value of -10 - -6 - (0 - 0)?
-4
What is 7 + -7 + 3 - (10 - 12)?
5
What is the value of (-1 - -2) + (-2 - -3 - 3)?
-1
What is the value of 3 - (4 + -2 + 0 + -4)?
5
(-17 - -11) + -2 + 13 + -3
2
Evaluate (1 + (-1 - 3) - -9) + -3.
3
-3 + 3 + 2 + 0
2
Evaluate 0 - 1 - -3 - 2 - 5.
-5
Evaluate -7 - (-3 + (0 - -1)).
-5
What is the value of 6 - (-4 + (10 - 4)) - 0?
4
What is the value of -7 + 1 + 6 + -5?
-5
Calculate -3 + 10 - 2 - (-2 - -15).
-8
Calculate 11 + -4 + -3 + 1.
5
1 + -8 + 3 + 6 + -5
-3
What is the value of -4 + 6 + -6 + 5?
1
Calculate -10 - ((-4 - -2) + -8).
0
What is -1 - (1 + -1) - (6 - 3)?
-4
What is -12 - -7 - (-1 + 0)?
-4
Calculate -11 + (11 - -2 - 9).
-7
5 + (-5 - -4) + -5
-1
What is the value of -3 - (-4 + -3 + -2 + 6)?
0
-3 + -8 + (-1 - -9)
-3
Evaluate 4 - 10 - -16 - 6.
4
-5 + 3 + 7 + -3
2
Calculate -90 + 95 + (2 - 18 - -2).
-9
-1 + -7 + -24 + 34
2
What is 11 + (6 - 8) + (-3 - 1)?
5
What is the value of (6 - 1) + 4 + -9?
0
-8 + -6 + 19 + -10
-5
What is 0 + (0 - (6 + -4))?
-2
Evaluate 1 + 0 + (-4 - (6 - 5)).
-4
What is -2 + (0 - -6 - 2)?
2
Calculate -13 - (9 + -14 + -1).
-7
Calculate -1 + (-2 - 1) - (-20 + 12).
4
Calculate (-3 - -4) + (-1 - 0).
0
What is (2 + -1 - 2) + (-4 - -8)?
3
0 + -3 - (25 + -29)
1
What is the value of 3 - 0 - (35 + -35)?
3
3 + (-5 - (5 + -4 - 1))
-2
Calculate 0 + (1 - -3) + -9.
-5
12 - 0 - (-8 + (-10 - -23))
7
What is 8 + 8 + -19 - (0 + 6)?
-9
What is -2 + 18 - (16 + -6)?
6
(0 - -1) + (-3 - -4) + -6
-4
Calculate (-2 - (-2 + 0 + -2)) + -2.
0
What is 11 + -5 + -7 + (1 - -4)?
4
Evaluate 15 - (-12 + 12 - -10).
5
22 + -17 - (-1 + 1)
5
-3 - (0 - -1) - (-22 + 22)
-4
4 + 0 + (8 - 15)
-3
Evaluate 0 - (-5 - -5 - -5).
-5
-5 + (6 - (4 - (-5 - -2)))
-6
3 - 5 - ((-1 - -4) + -1)
-4
What is -2 + (1 + -6 - (-9 + 0))?
2
(25 + -7 - 2) + -8
8
What is the value of 3 + (4 - (12 - 5))?
0
What is the value of -10 + (0 - (4 + -16))?
2
What is the value of -3 + 4 + -5 + (0 - -2)?
-2
What is the value of -1 + 0 + (2 - 4) - -7?
4
8 + -6 + -1 + 3
4
-1 + 5 + -3 - 2
-1
What is 3 + (5 - 4) - (-2 - -10)?
-4
2 + -10 + 8 + (-12 - -8)
-4
Evaluate -2 + (-3 - 0 - -9).
4
Calculate 7 + -4 - 5 - (-1 + 1).
-2
What is 0 + 0 + (11 - 12)?
-1
What is -1 + -2 + -22 + 27?
2
Evaluate -5 - (1 + -4 - (-9 - -6)).
-5
Calculate 0 - 12 - (-21 + 14).
-5
Evaluate -3 - (1 + -3) - (35 + -37).
1
Calculate (7 + -4 - -1) + -2.
2
What is the value of 3 - (0 - -3 - (3 - 2))?
1
Calculate (0 - 0) + (35 - 30).
5
What is the value of 1 + 8 + (7 - (4 - -7))?
5
Calculate -6 + -1 + (7 - -5).
5
What is the value of (-2 - (2 + -9 + 1)) + -2?
2
What is the value of (5 + -3 + 1 - 0) + -3?
0
Calculate 20 + -21 + 1 + 3.
3
What is the value of -1 + (5 - 10) + 4 - 3?
-5
What is the value of 5 + (4 - ((-2 - -6) + 2))?
3
(8 - 9) + 3 + 0
2
Evaluate (-3 - -6) + -8 + -1.
-6
-9 + 5 + 0 + 2
-2
Evaluate -5 + (3 - 1) + -3 + 1.
-5
Evaluate -3 - (-6 + -2 - (6 - 6)).
5
What is (8 - 16) + 4 - -7?
3
What is -17 + 0 + (5 - -5)?
-7
7 + -6 + -2 - -2
1
Evaluate (1 - -4) + 9 + -1 + -15.
-2
Evaluate 0 - 0 - ((-38 - -19) + 11).
8
5 + (5 - (4 - 4 - -3))
7
Evaluate 29 + -37 + 2 + 0 + 1.
-5
8 - ((8 - 7) + 12)
-5
What is 11 - (27 + -22 + 12)?
-6
What is the value of (1 - 0) + -3 + -2?
-4
Calculate -18 + 18 - (-5 - 3 - -2).
6
2 + 4 - 4 - 3
-1
Calculate 2 + (3 - (2 + 2 - 2)).
3
What is the value of -1 + (8 - (8 - -2 - 6))?
3
What is the value of -4 - (-3 + 0 + 5)?
-6
Calculate 0 + (1 - (6 - 6 - 3)).
4
12 - 17 - (-2 + 1)
-4
Evaluate (1 - -2) + -4 + 4 + 0.
3
Evaluate 2 - (0 + 0 + -2).
4
What is -5 + (0 + 2 - 0)?
-3
Evaluate 7 - (-11 - -2) - 9.
7
What is the value of (-2 + -13 - -8) + 12?
5
Calculate -4 - (-5 - ((4 - 7) + -4)).
-6
What is (0 - 1) + -2 + (-2 - -4)?
-1
Calculate -7 + (-3 + (28 - 4) - 7).
7
What is 6 - ((-9 - -4) + 3)?
8
Evaluate (-4 + 3 - (2 - 0)) + 1.
-2
Evaluate 2 + -1 + (17 - 13) - 3.
2
Evaluate 5 + (1 - (2 - -1)).
3
Calculate 11 + (3 - 8) - (5 + 0).
1
-4 - (-4 - -11) - (9 + -12)
-8
(12 - 6) + (8 - 3 - 7)
4
What is 4 + 6 + -8 + (0 - -1)?
3
4 - (21 + -9) - -3
-5
What is the value of -11 - (-17 - -12 - 7)?
1
Calculate 0 - -2 - (20 + -20).
2
Evaluate 14 + -14 + (-2 - (-2 - 0)).
0
What is the value of -4 + (-4 - -3 - -5)?
0
Evaluate -3 + 1 + -2 + -18 + 13.
-9
What is -3 - (5 + -3 + -10)?
5
(-7 - -11 - 0) + -3 + -1
0
0 - -2 - (2 + -4)
4
What is the value of -2 + 0 + (1 - (-3 + 0))?
2
What is 3 + 5 + 2 + -15?
-5
-1 + 15 - 3 - (-1 - -7)
5
What is the value of -2 - (1 + (-1 - -4) + -6)?
0
Evaluate 8 + -2 - 9 - 1.
-4
What is -6 - ((-7 - -2) + (2 - 0))?
-3
What is -1 + 5 + -9 - 1 - -5?
-1
0 - 2 - (25 + -31)
4
0 + -2 + -144 + 151
5
3 - ((-14 - -17) + (7 - 1))
-6
What is the value of -42 - -48 - (2 - 0)?
4
(11 - (-2 - -11)) + 4
6
3 + -5 + 0 - 5 - -3
-4
-11 - (3 + -10 + (-6 - -9))
-7
Calculate -2 - (1 + -1) - (-11 + 9).
0
What is 0 - (-2 + (2 - 4) - -8)?
-4
Calculate (5 - 7) + -1 - -5.
2
What is the value of 2 - (4 + -1 - (0 + -1))?
-2
Calculate 0 - -1 - (-4 - -1 - 1).
5
What is (0 + -1 - -4) + -3 + 8?
8
What is -3 + (6 - 6) - 1?
-4
Evaluate 2 + 3 + -6 + 6.
5
Calculate 6 + -6 - (2 + -2).
0
What is the value of 2 + 1 + 0 + 0?
3
(6 - 1) + 6 + -7 + 2
6
Calculate 4 - (-7 - -10) - (-5 - -1).
5
Calculate 10 + -1 + -87 + 77.
-1
Calculate -1 - (-3 + 2 + 4 - 5).
1
Evaluate 3 + 1 + 2 + -2.
4
Evaluate -6 + 7 - (-8 + 5).
4
Evaluate 0 - (2 - 1) - (20 - 22).
1
-6 + 1 + 3 + (3 - 6)
-5
What is the value of (-22 - -16) + 2 + -3 + 6?
-1
Evaluate -3 - (-11 + 6 - 4).
6
Calculate (-8 - -5) + (4 - 6).
-5
What is the value of (5 - 5) + -9 + 6?
-3
Evaluate -1 - (-1 - (2 + -4 - 4)).
-6
What is 26 + -21 - (1 + -4 - -1)?
7
Calculate -1 + (5 + -